{"id":19843,"date":"2014-06-13T11:03:41","date_gmt":"2014-06-13T11:03:41","guid":{"rendered":"http:\/\/demo.select-themes.com\/stockholm1\/?page_id=19843"},"modified":"2025-10-01T07:55:26","modified_gmt":"2025-10-01T06:55:26","slug":"home-default","status":"publish","type":"page","link":"https:\/\/ariadnaausio.com\/","title":{"rendered":"Home catal\u00e0"},"content":{"rendered":"<p>[vc_row][vc_column][vc_single_image image=&#8221;21548&#8243; img_size=&#8221;full&#8221; alignment=&#8221;center&#8221;][\/vc_column][\/vc_row][vc_row type=&#8221;grid&#8221; background_color=&#8221;#ffffff&#8221; padding_top=&#8221;40&#8243; padding_bottom=&#8221;40&#8243; css=&#8221;.vc_custom_1647015682822{background-color: #ffffff !important;}&#8221;][vc_column][vc_row_inner type=&#8221;grid&#8221; background_color=&#8221;#ffffff&#8221; padding_top=&#8221;80&#8243; padding_bottom=&#8221;80&#8243;][vc_column_inner][vc_column_text]<\/p>\n<h2>TRADUCCI\u00d3 EDITORIAL<\/h2>\n<p>[\/vc_column_text][vc_empty_space][\/vc_column_inner][\/vc_row_inner][vc_row_inner][vc_column_inner width=&#8221;1\/4&#8243;]<div class=\"image_with_text\"><img src=\"https:\/\/ariadnaausio.com\/wp-content\/uploads\/2025\/10\/El-cercle.jpeg\" alt=\"\" \/><h3 >El Cercle<\/h3><span style=\"margin: 6px 0px;\" class=\"separator transparent\"><\/span><\/p>\n<p class=\"p1\">Roberto Santiago<\/p>\n<p class=\"p2\">Fanbooks, 2025<\/p>\n<p><\/div>[vc_separator type=&#8221;transparent&#8221;][\/vc_column_inner][vc_column_inner width=&#8221;1\/4&#8243;]<div class=\"image_with_text\"><img src=\"https:\/\/ariadnaausio.com\/wp-content\/uploads\/2024\/12\/Insectarium-2.jpg\" alt=\"\" \/><h3 >Insect\u00e0rium<\/h3><span style=\"margin: 6px 0px;\" class=\"separator transparent\"><\/span><\/p>\n<p class=\"p1\">Emily Carter; i Dave Goulson<\/p>\n<p class=\"p2\">S\u00edmbol Editors, 2024<\/p>\n<p><\/div>[vc_separator type=&#8221;transparent&#8221;][\/vc_column_inner][vc_column_inner width=&#8221;1\/4&#8243;]<div class=\"image_with_text\"><img src=\"https:\/\/ariadnaausio.com\/wp-content\/uploads\/2022\/03\/follet2.jpg\" alt=\"\" \/><h3 >La Follet de la Veritat<\/h3><span style=\"margin: 6px 0px;\" class=\"separator transparent\"><\/span><\/p>\n<p class=\"p1\">Matt Haig<\/p>\n<p class=\"p2\">Estrella Polar, 2022<\/p>\n<p><\/div>[vc_separator type=&#8221;transparent&#8221;][\/vc_column_inner][vc_column_inner width=&#8221;1\/4&#8243;]<div class=\"image_with_text\"><img src=\"https:\/\/ariadnaausio.com\/wp-content\/uploads\/2025\/10\/millors-amigues-forever.jpg\" alt=\"\" \/><h3 >Millors amigues forever<\/h3><span style=\"margin: 6px 0px;\" class=\"separator transparent\"><\/span><\/p>\n<p class=\"p1\">Lisa Williamson<\/p>\n<p class=\"p2\">El Cep i la Nansa, 2025<\/p>\n<p><\/div>[vc_separator type=&#8221;transparent&#8221;][\/vc_column_inner][\/vc_row_inner][\/vc_column][\/vc_row][vc_row type=&#8221;grid&#8221; css=&#8221;.vc_custom_1647344670464{background-color: #ffffff !important;}&#8221;][vc_column][vc_btn title=&#8221;Veure-les totes&#8221; color=&#8221;green&#8221; align=&#8221;center&#8221; link=&#8221;url:http%3A%2F%2Fariadnaausio.com%2F%3Fpage_id%3D21553|title:Traducci%C3%B3%20editorial||&#8221;][\/vc_column][\/vc_row][vc_row type=&#8221;grid&#8221; anchor=&#8221;sobremi&#8221; background_color=&#8221;#efefef&#8221; padding_top=&#8221;40&#8243; padding_bottom=&#8221;40&#8243;][vc_column][vc_row_inner type=&#8221;grid&#8221; padding_top=&#8221;60&#8243;][vc_column_inner width=&#8221;2\/3&#8243;][vc_column_text]<\/p>\n<h6>Ariadna Ausi\u00f3 Dot<\/h6>\n<p>[\/vc_column_text][vc_separator type=&#8221;transparent&#8221; up=&#8221;10&#8243; down=&#8221;0&#8243;][vc_column_text]<\/p>\n<h2>SOBRE MI<\/h2>\n<p>[\/vc_column_text][vc_separator type=&#8221;transparent&#8221; up=&#8221;25&#8243; down=&#8221;0&#8243;][vc_column_text]<\/p>\n<p class=\"p1\">Traductora cientificot\u00e8cnica i editorial des de 2010<\/p>\n<p>&nbsp;<\/p>\n<p class=\"p1\">Professora associada al Grau de Traducci\u00f3, Interpretaci\u00f3 i Lleng\u00fces Aplicades i al M\u00e0ster de Traducci\u00f3 Especialitzada de la Universitat de Vic<\/p>\n<p>&nbsp;<\/p>\n<p class=\"p2\">Membre de les associacions de traductors <a href=\"https:\/\/www.aptic.cat\/\"><span class=\"s1\">APTIC<\/span><\/a>, <a href=\"https:\/\/www.escriptors.cat\">AELC<\/a> i <a href=\"https:\/\/ace-traductores.org\/\"><span class=\"s1\">ACE Traductores<\/span><\/a><\/p>\n<p>[\/vc_column_text][vc_separator type=&#8221;transparent&#8221; up=&#8221;90&#8243; down=&#8221;0&#8243;][\/vc_column_inner][vc_column_inner width=&#8221;1\/3&#8243;][vc_separator type=&#8221;transparent&#8221; up=&#8221;25&#8243; down=&#8221;0&#8243;][vc_single_image image=&#8221;21486&#8243; img_size=&#8221;full&#8221; alignment=&#8221;right&#8221;][\/vc_column_inner][\/vc_row_inner][\/vc_column][\/vc_row]<\/p>\n","protected":false},"excerpt":{"rendered":"<p>[vc_row][vc_column][vc_single_image image=&#8221;21548&#8243; img_size=&#8221;full&#8221; alignment=&#8221;center&#8221;][\/vc_column][\/vc_row][vc_row type=&#8221;grid&#8221; background_color=&#8221;#ffffff&#8221; padding_top=&#8221;40&#8243; padding_bottom=&#8221;40&#8243; css=&#8221;.vc_custom_1647015682822{background-color: #ffffff !important;}&#8221;][vc_column][vc_row_inner type=&#8221;grid&#8221; background_color=&#8221;#ffffff&#8221; padding_top=&#8221;80&#8243; padding_bottom=&#8221;80&#8243;][vc_column_inner][vc_column_text] TRADUCCI\u00d3 EDITORIAL [\/vc_column_text][vc_empty_space][\/vc_column_inner][\/vc_row_inner][vc_row_inner][vc_column_inner width=&#8221;1\/4&#8243;][vc_separator type=&#8221;transparent&#8221;][\/vc_column_inner][vc_column_inner width=&#8221;1\/4&#8243;][vc_separator type=&#8221;transparent&#8221;][\/vc_column_inner][vc_column_inner width=&#8221;1\/4&#8243;][vc_separator type=&#8221;transparent&#8221;][\/vc_column_inner][vc_column_inner width=&#8221;1\/4&#8243;][vc_separator type=&#8221;transparent&#8221;][\/vc_column_inner][\/vc_row_inner][\/vc_column][\/vc_row][vc_row type=&#8221;grid&#8221; css=&#8221;.vc_custom_1647344670464{background-color: #ffffff !important;}&#8221;][vc_column][vc_btn title=&#8221;Veure-les totes&#8221; color=&#8221;green&#8221; align=&#8221;center&#8221; link=&#8221;url:http%3A%2F%2Fariadnaausio.com%2F%3Fpage_id%3D21553|title:Traducci%C3%B3%20editorial||&#8221;][\/vc_column][\/vc_row][vc_row type=&#8221;grid&#8221; anchor=&#8221;sobremi&#8221; background_color=&#8221;#efefef&#8221; padding_top=&#8221;40&#8243; padding_bottom=&#8221;40&#8243;][vc_column][vc_row_inner type=&#8221;grid&#8221; padding_top=&#8221;60&#8243;][vc_column_inner width=&#8221;2\/3&#8243;][vc_column_text] Ariadna Ausi\u00f3&#8230;<\/p>\n","protected":false},"author":1,"featured_media":0,"parent":0,"menu_order":0,"comment_status":"open","ping_status":"open","template":"full_width.php","meta":[],"_links":{"self":[{"href":"https:\/\/ariadnaausio.com\/index.php?rest_route=\/wp\/v2\/pages\/19843"}],"collection":[{"href":"https:\/\/ariadnaausio.com\/index.php?rest_route=\/wp\/v2\/pages"}],"about":[{"href":"https:\/\/ariadnaausio.com\/index.php?rest_route=\/wp\/v2\/types\/page"}],"author":[{"embeddable":true,"href":"https:\/\/ariadnaausio.com\/index.php?rest_route=\/wp\/v2\/users\/1"}],"replies":[{"embeddable":true,"href":"https:\/\/ariadnaausio.com\/index.php?rest_route=%2Fwp%2Fv2%2Fcomments&post=19843"}],"version-history":[{"count":87,"href":"https:\/\/ariadnaausio.com\/index.php?rest_route=\/wp\/v2\/pages\/19843\/revisions"}],"predecessor-version":[{"id":21984,"href":"https:\/\/ariadnaausio.com\/index.php?rest_route=\/wp\/v2\/pages\/19843\/revisions\/21984"}],"wp:attachment":[{"href":"https:\/\/ariadnaausio.com\/index.php?rest_route=%2Fwp%2Fv2%2Fmedia&parent=19843"}],"curies":[{"name":"wp","href":"https:\/\/api.w.org\/{rel}","templated":true}]}}